342*c**3 - c - 111*c**3 - 115*c**3. Give k(2).
-2
Let r(a) = a**3 + 15*a**2 + 16*a + 18. Suppose 4*d + 44 = -2*k, 0 = 11*k - 13*k - 2*d - 36. Calculate r(k).
-10
Let r = 478 + -488. Let b(u) = -u**3 - 11*u**2 - 12*u - 12. Give b(r).
8
Let j(p) be the second derivative of p**5/20 + p**4/3 + p**3/3 + 3*p**2 + 2*p. Let y = 18 + -8. Suppose -3*k = 2 + y. Give j(k).
-2
Let y(r) = 3*r**3 - r**2 + r + 3. Let d(t) = 4*t**3 - 2*t**2 + 4. Let m(f) = 4*d(f) - 5*y(f). Determine m(4).
-3
Let z(h) = h**3 + 2*h**2 - 5*h - 4. Suppose -11 - 4 = -5*b. Suppose 4*m + 2*s + b*s = -1, 5*m + 3*s = 15. Suppose w - o = 1, -o - 4 = 2*w + m. Give z(w).
2
Let j(l) = -60300*l**3 + 3*l**2 + 3*l**2 + 60301*l**3 + 2*l + 1 - 4*l**2. Suppose 0 = k - v, -4*k - 5 = v - 0. Give j(k).
0
Let b be 4*1 + (142 - 127). Let g(p) = -3*p + 33. Calculate g(b).
-24
Let m(n) = -n**3 + 2*n**2 - 2*n - 1. Let o be m(2). Let d(p) = -15*p**2 + 2*p + 1. Let g(j) = 13*j**2 - j - 1. Let i(y) = -6*d(y) - 7*g(y). Calculate i(o).
1
Let z(y) = -y**2 + 8*y - 2. Let l(x) = -2*x**2 + 15*x - 4. Let i(r) = 3*l(r) - 5*z(r). Let f(p) = -2*p**2 + 9*p - 5. Let u(w) = 3*f(w) - 5*i(w). Give u(4).
-13
Let c = 4 - 10. Let n(k) = 11. Let u(p) = p + 21. Let i(x) = -x + 17. Let d be i(10). Let w(b) = d*n(b) - 4*u(b). Give w(c).
17
Let m(r) = -r**2 - 9*r - 5. Let h(d) = d**2 + 1. Let v(a) = 3*a**2 + 9*a + 7. Let i(p) = -h(p) + v(p). Let g(n) = 2*i(n) + 3*m(n). Calculate g(9).
-3
Let h(d) = 11*d + 15. Let s(z) = -9*z - 15. Let g(f) = 5*h(f) + 6*s(f). Let n be ((-10)/(-20))/((-2)/(-40)). What is g(n)?
-5
Let p(h) be the second derivative of 4*h**4/3 + h**3/6 + 344*h. Calculate p(-1).
15
Let l(u) = 7*u + 1. Let z(r) = 13*r. Let i(a) = 11*l(a) - 6*z(a). Determine i(5).
6
Suppose 12 = -4*l - t, 0*t - 2*t - 6 = -l. Let h be -21 + l*(-3)/2. Let n be (h/(-12))/((-3)/10). Let p(w) = -2*w**2 - 7*w + 2. Give p(n).
-13
Let m(u) be the second derivative of 5*u**4/4 - 6*u + 2. What is m(-1)?
15
Let v(q) be the second derivative of q**3/6 + 3*q**2/2 + 22*q. Suppose 4*p + u + 11 = 6*u, -u = 3*p + 13. Give v(p).
-1
Let h(l) = 5*l**2 - 2*l - 4. Let f(n) = -7*n**2 + 4*n + 5. Let o(c) = 3*f(c) + 4*h(c). Let r be (-7)/(-2) - (-1)/(-2). What is o(r)?
2
Let a(o) = -5*o**3 + 9*o**2 + 5*o - 4. Let g(y) = -11*y**3 + 19*y**2 + 11*y - 8. Let l(f) = 13*a(f) - 6*g(f). Give l(-2).
2
Let b(v) = -v**3 + 4*v**2 - 5*v + 3. Let a be b(3). Suppose 5*k = 2*d - 13051, -4*k + 13061 = 2*d + k. Let g(y) = 3*y + 6529 - d - 6*y - y**2. Determine g(a).
1
Let q(y) be the first derivative of -y**2/2 - 4*y - 2132. Let w(f) = 3*f + 5. Let n be w(-4). Calculate q(n).
3
Let x(w) = -15 + 11 + 5 - 3*w + 9. Determine x(9).
-17
Let y(z) = -z**3 - 19*z**2 - 18*z + 2. Suppose -5*j - 87 = 3*l, j + 5*l = -2*j - 49. Determine y(j).
2
Let s(t) be the third derivative of t**6/120 + t**5/15 + t**4/24 + t**3/2 + 2*t**2. Let v = -20 - -16. Determine s(v).
-1
Let t(n) = -n**2 - 7*n - 3. Suppose y = 15 - 19. Give t(y).
9
Let l be (6/(-4))/(6/(-128)). Let j be (-2)/(-7) + (-27600)/(-420). Let x(q) = 32 - j - q + l. What is x(6)?
-8
Suppose -9*t = 2*k - 10*t - 15, -2*k - 2*t = -12. Let i(l) = -l**3 + 8*l**2 - 7*l + 12. Calculate i(k).
12
Suppose -3*r = 12, 0*s + 3*r = -3*s + 3. Suppose 4*j = s*j - 6. Let k be (-3)/(-6) + j/4. Let f(p) = -p + 2. What is f(k)?
0
Suppose 3*n - 2*t = 20 + 25, -5*n - 2*t = -59. Let l(k) = 2*k + 32 - n*k**2 - 3*k - 33. Give l(-1).
-13
Suppose -5*q - 4*l = -46, 43 = 4*q + 5*l - 1. Let t(m) = -m**3 + 6*m**2 + 1. What is t(q)?
1
Suppose 3*o + 2*u - 54 = 3*u, -5*u = -3*o + 66. Let j = o + -14. Let w(x) = 2*x + x - 5*x - 1 - j*x. Determine w(-1).
4
Let y(t) be the first derivative of 4*t - 7/3*t**3 + 1/4*t**4 + 17 + 3*t**2. Let m be (-4)/6*9*-1. Give y(m).
4
Let n be 2/5 - 198/(-55). Let u = n + -1. Let r(o) = -5*o - 6. Let h(g) = -11*g - 13. Let c(j) = -6*h(j) + 13*r(j). Calculate c(u).
3
Let w(k) = 15*k - 4. Let b(p) = -7*p + 2. Let f(s) = 9*b(s) + 4*w(s). Let c(g) = -5*g + 5. Let u be (-2 + 5)*(-8)/6. Let v(x) = u*c(x) + 7*f(x). Give v(-6).
0
Let v(k) = -k**3 - 7*k**2 - 6*k + 1. Suppose 3*y = 5*p + 5, -3*y - p = p - 19. Suppose -4*x = -y + 29. Determine v(x).
1
Let p(b) = -b**2 - 3*b + 1. Let q = -12 - -16. Let l(u) = u**3 - 5*u**2 + 4*u - 3. Let j be l(q). Give p(j).
1
Suppose -2*r - u + 0*u - 8 = 0, -3*r - u = 10. Let h(o) = 2 + o - 4*o + 2*o + 2*o + 2*o**2. Calculate h(r).
8
Let o(j) be the first derivative of -j**4 + j**3/3 + j**2 + 2*j - 87. Determine o(-1).
5
Let a(l) be the third derivative of -l**4/24 + 7*l**3/2 - 514*l**2. Calculate a(27).
-6
Let f be 1/(5/95) - 4. Let h(l) = f - 4*l**2 + l - 15. Suppose 0 = -5*m - 5*u - 5 - 0, 0 = -3*m + 2*u + 7. Determine h(m).
-3
Let g(i) be the first derivative of 3*i**2/2 + 1. Suppose -3*j - 4 = -f, 2*j + 0*f + f + 11 = 0. Let c be (-2)/((j + 4)*-2). Determine g(c).
3
Suppose -78*y = -74*y - 8. Let u(n) = -1 + 2*n - 4*n + 31*n**y + 6*n - 3*n. Calculate u(1).
31
Let f(u) = -u**2 + 4. Suppose -123 + 129 = -3*n. Calculate f(n).
0
Let c(n) = 2 - 3 + n**2 - 2*n + 3*n. Let m be 4*(-9)/(-12) + 9. Let w = m + -11. Calculate c(w).
1
Let a(w) = -w**3 + 7*w**2 + w - 3. Let z = 18 - 11. Let v be a(z). Let u(i) = -i**2 + 3*i + 4. Determine u(v).
0
Let s(y) = y**2 + 2 - 2 + 3*y - 4 - 5 - 1. Calculate s(-6).
8
Let n(y) = -13*y + 3. Let d = 877 + -878. Calculate n(d).
16
Suppose 22 = 5*h - 2*d, -5*h + d + 21 = -0*d. Let a(j) = j**2 - 4*j - 5. Determine a(h).
-5
Let n(s) = 3*s**2 - 4*s + 14. Let x(f) = -5 + 9*f**2 - 5*f**2 - 5*f**2 - f + 2*f. Let q(h) = 2*n(h) + 7*x(h). Let r(p) = p - 6. Let t be r(6). What is q(t)?
-7
Let l(g) = g**2 + 6*g - 16. Let w(v) = 2*v**2 + 86*v + 231. Let n be w(-40). Give l(n).
11
Let v(n) = 6*n + 7. Let i(w) = 9*w + 10. Let k(f) = 5*i(f) - 7*v(f). Suppose 3*m - 2*m - 3 = 0. Suppose m*q = -4 - 2. Calculate k(q).
-5
Let j(s) be the first derivative of -8 - 1/3*s**3 - 2*s**2 + 7*s. What is j(-5)?
2
Let h(b) be the second derivative of b**5/20 - b**4/6 + 3*b**2/2 - 19*b - 1. Determine h(3).
12
Let k(c) = 17*c + 10. Let i(q) = -8*q - 5. Let b(u) = 13*i(u) + 6*k(u). What is b(5)?
-15
Let s(v) = v**3 - 6*v**2 - 2*v + 3. Let o(b) = -21*b**2 + 1. Let x be o(-1). Let k = -14 - x. Give s(k).
-9
Let f(c) = c**2 + 3. Let m(s) = 3*s**2 + s + 10. Let p(w) = 17*f(w) - 6*m(w). Let d be p(-6). Let i(v) = -v - 9. Calculate i(d).
0
Let p(q) = 48*q + 51. Let z be p(-1). Let d(m) = -2*m**3 + 4*m**2 - 4*m + 7. Determine d(z).
-23
Let m(i) = -16*i**2 - i**3 + 2*i**3 + 6 - 26 + 8. Give m(16).
-12
Let d(j) = -j**3 - 7*j**2 - j - 7. Suppose 4*w = -4*q - 24 + 4, 0 = w - 2. Give d(q).
0
Let b(s) be the third derivative of 0*s**4 + 0 - 6*s**2 + 1/60*s**5 + 0*s + 0*s**3. Let w(f) = f - 3. Let u be w(5). Give b(u).
4
Let w(h) = 11*h + 15. Let r(g) = -3*g - 5. Let z(v) = -7*r(v) - 2*w(v). Determine z(0).
5
Suppose 2*r + 3 = -9. Let i(k) = -3*k - 18. Determine i(r).
0
Let c(l) = -l**2 - 9*l - 5. Let d(a) = -7*a**2 + 11*a + 12. Let i be d(-1). What is c(i)?
13
Let s(w) = -66 + 24 + 13 - 2*w + 13 + 13. Give s(0).
-3
Suppose -2*i = 4*v - 20, 0 = 3*v - 5*i + 1 - 16. Let k = -3 + v. Let w(u) = -u**k + 0*u + 2*u - 7*u + 4 - 6. Determine w(-5).
-2
Let i = -203 - -213. Let p(l) = l**3 - 11*l**2 + 10*l - 2. What is p(i)?
-2
Let o(r) = r**3 + 5*r**2 + 5*r + 2. Let c be -1 + 4*102/24. Suppose 3*v = -v - c. Give o(v).
-2
Let m(b) = -b**3 + 10*b**2 - 7*b - 12. Suppose 113 = 2*w + 95. Calculate m(w).
6
Let j(v) = -2*v + 5. Suppose -5*w = 3*f + 5, -2*f + 2 = 4*w - 6*w. Let k(t) = t. Let g(m) = w*j(m) - 3*k(m). Determine g(5).
-10
Suppose -3 = -2*j - 7. Let f be ((-9)/2 + 2)*(-132)/55. Let y(g) = 3*g - 2. Let x(r) = -7*r + 4. Let v(w) = f*x(w) + 13*y(w). Calculate v(j).
4
Let x(h) be the first derivative of -h**3/3 + 9*h**2/2 - 5*h + 98. Determine x(6).
13
Suppose -4*m - 32 = 4*h, -2*m - 19 = -9. Let l(g) = -2*g**3 - 4*g**2 - 3*g. Calculate l(h).
27
Let q(j) = 2*j + 5. Let y(v) = -11*v - 14. Let a(i) = -4*q(i) - y(i). Give a(6).
12
Let b(f) = 5*f + 6. Suppose 0*i + 410 = 5*i - 5*t, 2*i = 3*t + 163. Let n = 77 - i. Determine b(n).
-24
Let y(z) = -10*z. Let l(k) = -k**3 - 10*k**2 - 12*k - 28. Let n be l(-8). Let w = n - -61. Give y(w).
-10
Let i(q) = 6*q**2 + 4*q. Let f(n) = n**2 - 1. Let o(l) = 3*f(l) - i(l). Calculate o(-2).
-7
Let o(j) be the thi